alculate the greatest common divisor of 416206 and 5210170.
3038
What is the greatest common divisor of 932986978 and 6286?
6286
What is the greatest common divisor of 3160479 and 82236?
1869
Calculate the greatest common factor of 31768448 and 70184.
2264
Calculate the greatest common factor of 3410 and 106497710.
3410
Calculate the greatest common factor of 41715 and 5150.
515
What is the greatest common factor of 65 and 543933455?
65
Calculate the highest common divisor of 5712 and 3597846.
714
What is the greatest common factor of 261545 and 2890?
1445
What is the highest common divisor of 15528952 and 505?
101
Calculate the greatest common divisor of 136950 and 3685.
55
What is the greatest common factor of 21315 and 5337276?
4263
Calculate the greatest common factor of 30336 and 3604296.
1896
What is the greatest common divisor of 11286698 and 717359?
1873
Calculate the greatest common divisor of 225 and 47622800.
25
Calculate the highest common divisor of 7015866 and 58497.
1887
What is the highest common divisor of 1845 and 15338100?
615
What is the highest common factor of 132608 and 105413?
259
Calculate the highest common divisor of 24976440 and 280.
40
Calculate the highest common factor of 19 and 401946748.
19
Calculate the greatest common factor of 12155 and 1696279.
13
Calculate the highest common factor of 1810 and 57885610.
1810
Calculate the greatest common divisor of 6712 and 917590808.
6712
What is the highest common factor of 733286 and 3230?
38
Calculate the greatest common divisor of 17100720 and 810.
810
What is the greatest common divisor of 12293686 and 34?
34
What is the greatest common factor of 11576789 and 49?
49
Calculate the highest common factor of 4894764 and 896.
28
What is the greatest common divisor of 32447367 and 18?
9
What is the highest common divisor of 4712 and 1355196?
124
Calculate the greatest common factor of 7396 and 11524.
172
Calculate the greatest common divisor of 19024388 and 16.
4
What is the greatest common factor of 1287 and 11310013?
143
Calculate the highest common divisor of 29435668 and 28348.
1492
Calculate the greatest common factor of 1772694 and 45837.
99
Calculate the greatest common divisor of 185 and 13577187.
37
What is the greatest common factor of 397404 and 206836?
2324
Calculate the greatest common divisor of 434200 and 8975.
25
Calculate the highest common factor of 154 and 880719.
7
What is the greatest common factor of 329467 and 1492699?
577
What is the highest common divisor of 89180 and 4101643?
637
Calculate the highest common divisor of 161154 and 39312.
126
What is the greatest common divisor of 32766 and 1087374?
762
What is the highest common factor of 1144765 and 360?
5
Calculate the highest common factor of 12082 and 48081182.
1726
Calculate the highest common factor of 39360919 and 13.
13
Calculate the greatest common divisor of 3 and 91605318.
3
Calculate the highest common factor of 950 and 79620830.
190
What is the highest common factor of 114862 and 3088578?
46
What is the highest common factor of 20982 and 6822378?
1614
Calculate the greatest common divisor of 61965603 and 63.
63
What is the greatest common factor of 238470 and 11?
1
Calculate the highest common divisor of 72840712 and 112.
56
Calculate the greatest common divisor of 1291 and 34295415.
1291
Calculate the highest common divisor of 131254 and 1317934.
1798
Calculate the greatest common factor of 8775 and 4314816.
27
What is the greatest common divisor of 2383380 and 900?
180
What is the highest common factor of 183933 and 156429?
1719
Calculate the greatest common divisor of 1426686 and 1094.
2
Calculate the greatest common factor of 663 and 4426783.
17
Calculate the greatest common divisor of 3234 and 7007506.
22
What is the highest common divisor of 334908 and 121382?
886
Calculate the highest common factor of 9444105 and 1980.
495
What is the highest common divisor of 7217 and 124789?
7
What is the greatest common factor of 6690962 and 51?
17
What is the highest common divisor of 33621271 and 10619?
1517
What is the highest common divisor of 61815 and 37167?
39
What is the greatest common divisor of 151759 and 509065?
1921
What is the greatest common divisor of 3599096 and 145488?
3464
What is the highest common divisor of 111914 and 5038?
22
Calculate the highest common factor of 55 and 20140747.
11
Calculate the highest common factor of 16241424 and 146380.
2252
Calculate the highest common factor of 660 and 29999145.
165
Calculate the greatest common factor of 2144 and 14400712.
536
Calculate the greatest common factor of 446595399 and 171.
171
What is the greatest common factor of 112360 and 202460?
1060
What is the greatest common factor of 10559120 and 260?
260
Calculate the greatest common divisor of 28797 and 66671.
29
Calculate the greatest common divisor of 770 and 25128565.
385
Calculate the greatest common factor of 15640 and 469591.
391
Calculate the highest common factor of 83266 and 406844.
1054
Calculate the highest common factor of 2293 and 1562940902.
2293
What is the greatest common divisor of 6035712 and 696?
696
What is the highest common divisor of 142568972 and 2870?
574
What is the greatest common factor of 67392 and 630656?
832
Calculate the greatest common divisor of 9890507 and 2035.
407
What is the highest common factor of 423584 and 91744?
1952
What is the highest common divisor of 33 and 5369028687?
33
What is the greatest common divisor of 5761113 and 136?
17
Calculate the highest common factor of 775905003 and 63.
9
What is the highest common factor of 359903 and 5416137?
733
Calculate the greatest common divisor of 30 and 11326510.
10
Calculate the highest common factor of 457737 and 58859.
71
Calculate the greatest common factor of 72 and 4462650.
18
What is the highest common divisor of 287170 and 1170?
130
What is the greatest common factor of 760960 and 8323?
1189
Calculate the greatest common factor of 1608 and 286352238.
402
Calculate the highest common divisor of 3482225 and 262675.
475
Calculate the highest common divisor of 154462 and 15946.
238
What is the highest common factor of 4725 and 50044365?
945
Calculate the highest common divisor of 24 and 448741812.
12
What is the greatest common factor of 638292 and 148866?
258
What is the highest common factor of 121 and 1427034796?
121
What is the highest common factor of 17793757 and 1217?
1217
Calculate the highest common factor of 3096 and 7119576.
72
What is the greatest common factor of 448 and 545648?
16
What is the greatest common divisor of 948132 and 6156?
108
What is the highest common factor of 141227 and 2?
1
Calculate the highest common divisor of 2203576 and 352.
8
What is the greatest common divisor of 2758 and 1122111606?
2758
What is the highest common factor of 37807966 and 476?
238
Calculate the highest common factor of 1034 and 1951064.
94
Calculate the highest common divisor of 1350 and 2387850.
150
What is the greatest common divisor of 20232 and 342504?
72
Calculate the highest common factor of 405784 and 184.
8
What is the highest common factor of 1183965 and 816?
51
What is the greatest common divisor of 85 and 6522067?
17
What is the highest common factor of 76271657 and 23023?
1771
What is the greatest common factor of 1734 and 776178?
6
What is the greatest common factor of 160 and 13643184?
16
Calculate the highest common factor of 363 and 1773387.
33
What is the greatest common divisor of 127638 and 14362314?
6078
What is the highest common divisor of 497063 and 39389?
119
What is the highest common factor of 18 and 2852670?
6
What is the highest common factor of 50447 and 184421?
827
What is the highest common factor of 151924759 and 23681?
1393
Calculate the highest common factor of 24 and 17610424.
8
Calculate the greatest common divisor of 64940 and 337790.
170
Calculate the greatest common factor of 1388759580 and 1458.
1458
What is the greatest common factor of 2598 and 267255394?
866
What is the greatest common divisor of 20414019 and 909?
303
Calculate the greatest common factor of 37660676 and 29.
29
What is the highest common divisor of 24100797 and 69825?
2793
What is the greatest common factor of 448552 and 3859?
227
What is the greatest common factor